*j - 413. What is i(9)?
-8
Let i(q) = q - 16. Determine i(-27).
-43
Let o(y) = -6*y - 110. Calculate o(-21).
16
Let w(s) = s**2 + 6*s - 20. What is w(-7)?
-13
Let g(o) = 4*o - 153. Give g(37).
-5
Let u(c) = -4*c - 14. Determine u(-6).
10
Let n(k) = 23*k**2 - k - 2. Calculate n(-1).
22
Let a(c) = -2*c + 36. What is a(11)?
14
Let f(c) = 8*c - 9. Determine f(3).
15
Let k(o) = o**2 + 11*o - 11. Calculate k(-11).
-11
Let l(d) = -2*d**2 + 29*d - 17. Determine l(14).
-3
Let l(o) = o**3 + o**2 - 8*o + 5. Calculate l(0).
5
Let n(w) = w**3 - 13*w**2 + 2*w - 38. What is n(13)?
-12
Let g(k) = 5*k**2 + k + 5. Give g(3).
53
Let p(w) = -w**2 + 15*w - 10. Determine p(14).
4
Let z(b) = -8*b + 14. What is z(8)?
-50
Let m(v) = -3*v**3 - 2*v**2 - 4*v + 7. What is m(2)?
-33
Let c(o) = 3*o**2 + 5*o + 7. Calculate c(-2).
9
Let j(q) = -12*q - 274. Determine j(-23).
2
Let x(b) = b**3 + 17*b**2 + 16*b + 8. Give x(-16).
8
Let t(q) = 2*q**2 - 4*q - 20. Give t(6).
28
Let f(y) = 2*y + 15. What is f(-10)?
-5
Let l(r) = 15*r + 1. What is l(-1)?
-14
Let t(a) = a**3 + 20*a**2 - a - 22. Determine t(-20).
-2
Let h(o) = -4*o - 5. What is h(-5)?
15
Let b(c) = -22*c + 2063. Determine b(94).
-5
Let f(y) = -4*y - 24. Give f(-5).
-4
Let t(y) = y**3 - 14*y + 1. What is t(4)?
9
Let i(r) = 2*r**2 - 22*r + 22. Give i(9).
-14
Let b(g) = g**3 + g**2 - 3*g + 2. What is b(1)?
1
Let y(x) = x**2 + 14*x - 22. Calculate y(-15).
-7
Let y(b) = 8*b - 66. Calculate y(9).
6
Let s(f) = -23*f**2 - 1. Give s(-1).
-24
Let o(z) = -z**2 + 16*z + 20. Determine o(17).
3
Let w(z) = z**2 - 11*z - 7. What is w(9)?
-25
Let u(o) = -26*o - 165. What is u(-6)?
-9
Let d(b) = b**3 + 17*b**2 + 16*b - 7. Calculate d(-16).
-7
Let m(a) = -a**3 - 7*a**2 - 12*a - 1. Give m(-5).
9
Let v(x) = -x**3 - 13*x**2 - 19*x + 35. What is v(-11)?
2
Let s(g) = -g**3 + 8*g**2 - 1. Determine s(8).
-1
Let g(s) = -4*s - 15. Calculate g(-19).
61
Let a(f) = -7*f + 25. Give a(9).
-38
Let m(k) = -19*k + 1. Calculate m(-1).
20
Let j(q) = q**3 - 7*q**2 + q - 1. Determine j(0).
-1
Let r(a) = -a**3 - 6*a**2 - 6*a. Determine r(-5).
5
Let a(d) = -d**3 + 6*d**2 - 2*d - 7. Give a(6).
-19
Let i(n) = 30*n**2 + 8*n - 14. Determine i(2).
122
Let i(t) = -t**3 - 7*t**2 - 16*t - 69. Give i(-6).
-9
Let h(o) = -o**3 - 10*o**2 + o - 6. What is h(-10)?
-16
Let b(c) = 17*c + 19. Determine b(-1).
2
Let r(p) = p**2 - 4*p - 9. Give r(5).
-4
Let i(m) = -m**3 - 8*m**2 - 8*m - 24. Give i(-7).
-17
Let h(q) = 4*q**3 + 2*q**2. Calculate h(0).
0
Let j(x) = -8*x + 37. What is j(3)?
13
Let w(t) = -14*t + 23. Determine w(-2).
51
Let y(l) = 2*l**3 - 17*l**2 + 14*l + 59. Calculate y(7).
10
Let v(c) = -c**3 - 3*c**2 - 6*c + 4. Give v(-3).
22
Let g(n) = n**3 + 6*n**2 - 26*n - 6. Determine g(-9).
-15
Let t(a) = -33*a**2 - a. Calculate t(2).
-134
Let f(v) = 17*v - 1. Give f(-1).
-18
Let k(j) = -10*j + 17. Determine k(0).
17
Let t(q) = -2*q**2 - 37*q - 146. Calculate t(-14).
-20
Let h(o) = -4*o**2 - 52*o - 38. Calculate h(-13).
-38
Let p(s) = s**3 + 3*s**2 - 1. Calculate p(2).
19
Let t(g) = -2*g**3 + 16*g**2 - 13*g - 6. Determine t(7).
1
Let k(y) = 3*y**3 + y**2. What is k(-1)?
-2
Let b(u) = -u**3 - 7*u**2 - 3*u. What is b(-7)?
21
Let k(s) = 53*s - 365. Give k(7).
6
Let f(b) = b**3 - b**2 + 13. What is f(0)?
13
Let g(w) = 2*w**2 - 6*w - 3. Calculate g(4).
5
Let o(b) = 3*b + 4. What is o(0)?
4
Let r(a) = -6*a + 1. Give r(7).
-41
Let l(d) = -d**2 - 10*d - 4. Calculate l(-7).
17
Let g(q) = -6*q - 31. What is g(-16)?
65
Let m(g) = 30*g + 1. Calculate m(-1).
-29
Let p(q) = -q**2 - 9*q + 40. What is p(-12)?
4
Let x(d) = 5*d + 1. Calculate x(7).
36
Let y(v) = -12*v - 4. Give y(12).
-148
Let k(y) = y**3 + 8*y**2 + 7*y - 11. What is k(-7)?
-11
Let u(z) = z**3 + 14*z**2 - 15*z + 8. Calculate u(-15).
8
Let t(d) = -4*d**2 - 15*d + 21. What is t(2)?
-25
Let y(j) = -2*j**3 - 28*j**2 - 31*j - 10. Give y(-13).
55
Let s(n) = n**3 - 18*n**2 + 18*n - 1. Give s(17).
16
Let x(z) = 12*z - 2. Determine x(2).
22
Let q(p) = p**2 + 2*p - 23. Give q(-5).
-8
Let v(h) = -h**3 - 16*h**2 - 35*h + 41. Give v(-13).
-11
Let m(l) = l**2 + 2*l - 185. Give m(-14).
-17
Let j(b) = -11*b + 498. Calculate j(46).
-8
Let f(s) = s + 2. Give f(5).
7
Let t(v) = 6*v - 48. Calculate t(8).
0
Let q(j) = j**3 + j**2 + 5*j + 9. Calculate q(0).
9
Let c(o) = o**2 + 120*o + 241. Give c(-2).
5
Let v(z) = z**3 - 5*z**2 + 16. Calculate v(4).
0
Let f(u) = -3*u**2 - 20*u - 2. Give f(-6).
10
Let z(m) = -m**3 + 13*m**2 - 32*m + 20. Calculate z(9).
56
Let g(k) = k**2 - 4*k + 21. Calculate g(10).
81
Let h(m) = m**3 - 6*m**2 + 12*m - 13. What is h(4)?
3
Let z(l) = l**3 + 9*l**2 - 8*l - 8. Give z(-10).
-28
Let t(d) = -d**2 - 20*d + 121. Give t(-25).
-4
Let a(c) = -6*c - 142. Give a(-25).
8
Let g(v) = 47*v + 1. Determine g(1).
48
Let s(f) = f**3 + 3*f**2 - 7*f - 6. Determine s(-5).
-21
Let z(m) = -m**3 + 6*m**2 - 5*m - 5. Give z(6).
-35
Let x(c) = c**3 - 7*c**2 + 7*c + 2. What is x(6)?
8
Let o(v) = -14*v - 8. Determine o(-4).
48
Let m(v) = 7*v**2 - 5*v + 5. Determine m(2).
23
Let d(l) = l + 42. What is d(-25)?
17
Let b(p) = p**3 - 19*p**2 - 24*p + 77. What is b(20)?
-3
Let l(q) = -2*q**2 - q - 3. What is l(0)?
-3
Let m(k) = -2*k**3 - 57*k**2 - 28*k + 1. What is m(-28)?
1
Let y(u) = -3*u**2 - 40*u - 50. Give y(-12).
-2
Let h(u) = u**3 - 2*u**2 + 59. Give h(0).
59
Let m(z) = -6*z + 9. Give m(6).
-27
Let r(i) = -24*i - 11. Give r(4).
-107
Let q(n) = n**3 + 13*n**2 + 8*n - 15. Determine q(-12).
33
Let s(u) = u**2 - 22*u - 2. What is s(21)?
-23
Let s(t) = -t + 9. Determine s(-18).
27
Let f(m) = m**3 + 5*m**2 - 23*m - 9. What is f(-8)?
-17
Let u(o) = 9*o**2 - o + 1. What is u(-2)?
39
Let l(f) = 3*f - 5. What is l(-5)?
-20
Let s(m) = m**2 - 7*m - 21. Calculate s(9).
-3
Let t(g) = 10*g**2 + g - 6. Give t(3).
87
Let n(p) = p**3 - 2*p**2 - 4*p. Determine n(3).
-3
Let b(t) = t**2 - 16*t + 84. Calculate b(7).
21
Let x(c) = 5*c**3 + 72*c**2 + 28*c - 18. Calculate x(-14).
-18
Let v(t) = 6*t - 41. Give v(6).
-5
Let q(p) = p**3 + 8*p**2 + 7*p - 21. Determine q(-7).
-21
Let q(b) = -b**2 - 7*b + 9. Calculate q(-7).
9
Let a(y) = -9*y**2 - 7*y - 4. Determine a(-3).
-64
Let c(j) = -j**2 - 75*j + 862. Determine c(-85).
12
Let g(z) = 7*z**2 + 7*z + 6. What is g(-1)?
6
Let v(h) = -h**3 - 5*h**2 - 3*h + 4. Calculate v(-3).
-5
Let j(b) = -7*b + 10. Determine j(-11).
87
Let z(l) = 14*l + 15. Calculate z(-2).
-13
Let d(u) = -u**3 - 6*u**2 + 7*u - 5. Determine d(-7).
-5
Let g(n) = -2*n - 21. Give g(-7).
-7
Let o(i) = i**3 - 8*i**2 + 17*i + 5. Determine o(6).
35
Let f(d) = 2*d**2 - 5*d - 5. Determine f(-2).
13
Let g(w) = -w**2 + 13*w - 22. Calculate g(11).
0
Let v(c) = -2*c**3 - 92*c**2 - 93*c - 149. Determine v(-45).
-14
Let m(c) = -c**3 + 26*c**2 + 29*c - 70. Calculate m(27).
-16
Let v(i) = 9*i - 148. Give v(16).
-4
Let k(d) = d**3 - 3*d**2 - 10*d - 5. Calculate k(5).
-5
Let a(w) = -w**2 - w + 60. Calculate a(-9).
-12
Let b(k) = k**3 - 7*k**2 - 17. What is b(7)?
-17
Let a(t) = t**3 + 24*t**2 + 25*t + 44. Determine a(-23).
-2
Let m(k) = k**3 - 4*k**2 + 19*k - 193. Determine m(6).
-7
Let g(w) = -15*w - 14. Give g(-1).
1
Let a(x) = 5*x - 10. What is a(3)?
5
Let b(z) = 4*z**2 + 8*z - 16. Give b(-6).
80
Let x(a) = -a + 2. Give x(4).
-2
Let l(j) = j**3 - 8*j**2 + 7*j - 12. Determine l(8).
44
Let k(d) = -d**3 + 6*d**2 + 6*d + 7. Determine k(6).
43
Let i(v) = 43*v - 130. Give i(3).
-1
Let k(g) = -g**3 - 23*g**2 + 26. Determine k(-23).
26
Let r(n) = -n**3 - 2*n**2 + 5*n + 6. Determine r(-4).
18
Let o(p) = -p**3 - 20*p**2 + p + 11. What is o(-20)?
-9
Let a(d) = d**3 + 11*d**2 - 14. Calculate a(-11).
-14
Let i(l) = -l**2 - 4*l + 4. Determine i(-5).
-1
Let o(z) = z**2 - 4*z - 48. Give o(9).
-3
Let k(x) = -x**2 + 4*x + 20. What is k(-8)?
-76
Let c(m) = m**2 - 9*m - 6. What is c(8)?
-14
Let n(v) = v**3 + 2*v**2 + 19. Calculate n(0).
19
Let b(m) = -38*m + 147. Give b(4).
-5
Let h(i) = -6*i - 7. Determine h(7).
-49
Let i(b) = -9*b - 54. Give i(-4).
-18
Let c(g) = g**2 + 9*g + 19. Determine c(-10).
29
Let m(f) = -f**3 + 18*f**2 - 3*f + 43. Calculate m(18).
-11
Let d(z) = -5*z**3 + 2*z + 1. Calculate d(-1).
4
Let b(n) = 42*n - 38. Give b(1).
4
Let y(k) = -3*k**2 - 45*k - 32. What is y(-14)?
10
Let d(j) = -j**3 + 2*j**2 - 2*j + 4. Calculate d(4).
-36
Let h(c) = -c**3 + c**2 + c + 35. What i